{"id":3812,"date":"2025-11-17T08:43:20","date_gmt":"2025-11-17T07:43:20","guid":{"rendered":"https:\/\/cyclocluborangeois.fr\/?page_id=3812"},"modified":"2026-01-07T15:41:58","modified_gmt":"2026-01-07T14:41:58","slug":"stage-2026","status":"publish","type":"page","link":"https:\/\/cyclocluborangeois.fr\/index.php\/stage-2026\/","title":{"rendered":"Stage RECHASTEL 2026"},"content":{"rendered":"\n<figure class=\"wp-block-image size-large\"><img loading=\"lazy\" decoding=\"async\" width=\"1024\" height=\"463\" src=\"https:\/\/cyclocluborangeois.fr\/wp-content\/uploads\/2025\/11\/Sans-titre-2-1024x463.png\" alt=\"\" class=\"wp-image-3832\" srcset=\"https:\/\/cyclocluborangeois.fr\/wp-content\/uploads\/2025\/11\/Sans-titre-2-1024x463.png 1024w, https:\/\/cyclocluborangeois.fr\/wp-content\/uploads\/2025\/11\/Sans-titre-2-300x136.png 300w, https:\/\/cyclocluborangeois.fr\/wp-content\/uploads\/2025\/11\/Sans-titre-2-768x347.png 768w, https:\/\/cyclocluborangeois.fr\/wp-content\/uploads\/2025\/11\/Sans-titre-2-1536x695.png 1536w, https:\/\/cyclocluborangeois.fr\/wp-content\/uploads\/2025\/11\/Sans-titre-2-1140x516.png 1140w, https:\/\/cyclocluborangeois.fr\/wp-content\/uploads\/2025\/11\/Sans-titre-2.png 1879w\" sizes=\"auto, (max-width: 1024px) 100vw, 1024px\" \/><\/figure>\n\n\n\n<div class=\"wp-block-file\"><a id=\"wp-block-file--media-a8b42a7e-08e4-480c-b494-96f38565a8e7\" href=\"https:\/\/cyclocluborangeois.fr\/wp-content\/uploads\/2025\/11\/CCO-Fiche-Inscription-RECHASTEL-2026.docx\">CCO &#8211; Fiche Inscription RECHASTEL 2026<\/a><a href=\"https:\/\/cyclocluborangeois.fr\/wp-content\/uploads\/2025\/11\/CCO-Fiche-Inscription-RECHASTEL-2026.docx\" class=\"wp-block-file__button wp-element-button\" download aria-describedby=\"wp-block-file--media-a8b42a7e-08e4-480c-b494-96f38565a8e7\">T\u00e9l\u00e9charger<\/a><\/div>\n\n\n\n<ul class=\"wp-block-list\">\n<li><strong>Participants :<\/strong><\/li>\n<\/ul>\n\n\n\n<figure class=\"wp-block-table aligncenter is-style-regular\"><table class=\"has-fixed-layout\"><tbody><tr><td><strong>Nom<\/strong><\/td><td><strong>Pr\u00e9nom<\/strong><\/td><td><strong>Nombre d&rsquo;inscrits<\/strong><\/td><td><strong>Dur\u00e9e du s\u00e9jour<\/strong><\/td><\/tr><tr><td>MARIN<\/td><td>G\u00e9rard<\/td><td>1<\/td><td>du 12 au 16 mai<\/td><\/tr><tr><td>MARIN<\/td><td>Dominique<\/td><td>2<\/td><td>du 12 au 16 mai<\/td><\/tr><tr><td>RAYMOND<\/td><td>Yannick<\/td><td>3<\/td><td>du 12 au 16 mai <\/td><\/tr><tr><td>RECEVEUR<\/td><td>Patrice<\/td><td>4<\/td><td>du 12 au 16 mai <\/td><\/tr><tr><td>LENORMAND<\/td><td>Ren\u00e9<\/td><td>5<\/td><td>du 12 au 16 mai<\/td><\/tr><tr><td>BREYSSE<\/td><td>Florent<\/td><td>6<\/td><td>du 12 au 16 mai<\/td><\/tr><tr><td>DUBOIS<\/td><td>G\u00e9rard<\/td><td>7<\/td><td>du 12 au 16 mai<\/td><\/tr><tr><td>MATHIEU<\/td><td>Jean-Louis<\/td><td>8<\/td><td>du 12 au 16 mai<\/td><\/tr><tr><td>MONNIER<\/td><td>Bruno<\/td><td>9<\/td><td>du 12 au 16 mai<\/td><\/tr><tr><td>FERAUD<\/td><td>Eddie<\/td><td>10<\/td><td>du 12 au 16 mai<\/td><\/tr><tr><td>DEBRU<\/td><td>Bernard<\/td><td>11<\/td><td>du 12 au 16 mai<\/td><\/tr><tr><td>BANDINI<\/td><td>Bruno<\/td><td>12<\/td><td>du 12 au 16 mai<\/td><\/tr><tr><td>GUIBERT<\/td><td>Jo\u00eblle<\/td><td>13<\/td><td>du 12 au 16 mai<\/td><\/tr><tr><td>PERNET<\/td><td>Franck<\/td><td>14<\/td><td>du 12 au 16 mai<\/td><\/tr><tr><td>LAVILLE<\/td><td>Alain<\/td><td>15<\/td><td>du 12 au 16 mai<\/td><\/tr><tr><td>THOMAS<\/td><td>PATRICK<\/td><td>16<\/td><td>du 12 au 16 mai<\/td><\/tr><tr><td>GIRAUD<\/td><td>ALAIN<\/td><td>17<\/td><td>du 12 au 16 mai<\/td><\/tr><tr><td>SALEM<\/td><td>OUICHAOUI<\/td><td>18<\/td><td>du 12 au 16 mai<\/td><\/tr><tr><td>FRANCOIS <\/td><td>BOIDIN<\/td><td>19<\/td><td>du 12 au 16 mai<\/td><\/tr><tr><td>ANDRE<\/td><td>LANTHELME<\/td><td>20<\/td><td>du 12 au 16 mai<\/td><\/tr><tr><td>CHRISTIAN <\/td><td>BILLON<\/td><td>21<\/td><td>du 12 au 16 mai<\/td><\/tr><tr><td>Jean CHRISTOPHE<\/td><td>CHARAVET<\/td><td>22<\/td><td>du 12 au 16 mai<\/td><\/tr><tr><td>BEATRICE<\/td><td>GERMAIN<\/td><td>23<\/td><td>du 12 au 16 mai<\/td><\/tr><tr><td>THIERRY<\/td><td>BOUCHEZ<\/td><td>24<\/td><td>du 12 au 16 mai<\/td><\/tr><tr><td>MARTINE<\/td><td>MONTET<\/td><td>25<\/td><td>du 12 au 16 mai<\/td><\/tr><tr><td>JACQUES<\/td><td>MONTET<\/td><td>26<\/td><td>du 12 au 16 mai<\/td><\/tr><tr><td>PAUL<\/td><td>BUQUET<\/td><td>27<\/td><td>du 12 au 16 mai<\/td><\/tr><tr><td>YVES<\/td><td>BARNAUD<\/td><td>28<\/td><td>du 12 au 16 mai<\/td><\/tr><tr><td>DIDIER<\/td><td>KOSTUCH<\/td><td>29<\/td><td>du 12 au 16 mai<\/td><\/tr><tr><td>JEAN MARC<\/td><td>BOURGUER<\/td><td>30<\/td><td>du 12 au 16 mai<\/td><\/tr><tr><td>JEAN PAUL<\/td><td>LECROART<\/td><td>31<\/td><td>du 12 au 16 mai<\/td><\/tr><tr><td>BERNARD<\/td><td>CONEDERA<\/td><td>32<\/td><td>du 12 au 16 mai<\/td><\/tr><tr><td>FREDERIC<\/td><td>HOSATTE<\/td><td>33<\/td><td>du 12 au 16 mai<\/td><\/tr><tr><td>COLETTE<\/td><td>PENEZ<\/td><td>34<\/td><td>du 12 au 16 mai<\/td><\/tr><tr><td>PATRICK<\/td><td>PENEZ<\/td><td>35<\/td><td>du 12 au 16 mai<\/td><\/tr><tr><td>FRANCK<\/td><td>ODDON<\/td><td>36<\/td><td>du 12 au 16 mai<\/td><\/tr><tr><td>DANIEL <\/td><td>LAFOND<\/td><td>37<\/td><td>du 12 au 16 mai<\/td><\/tr><tr><td><\/td><td><\/td><td><\/td><td><\/td><\/tr><tr><td><\/td><td><\/td><td><\/td><td><\/td><\/tr><tr><td><\/td><td><\/td><td><\/td><td><\/td><\/tr><tr><td><\/td><td><\/td><td><\/td><td><\/td><\/tr><tr><td><\/td><td><\/td><td><\/td><td><\/td><\/tr><tr><td><\/td><td><\/td><td><\/td><td><\/td><\/tr><tr><td><\/td><td><\/td><td><\/td><td><\/td><\/tr><tr><td><\/td><td><\/td><td><\/td><td><\/td><\/tr><tr><td><\/td><td><\/td><td><\/td><td><\/td><\/tr><tr><td><\/td><td><\/td><td><\/td><td><\/td><\/tr><tr><td><\/td><td><\/td><td><\/td><td><\/td><\/tr><tr><td><\/td><td><\/td><td><\/td><td><\/td><\/tr><tr><td><\/td><td><\/td><td><\/td><td><\/td><\/tr><tr><td><\/td><td><\/td><td><\/td><td><\/td><\/tr><tr><td><\/td><td><\/td><td><\/td><td><\/td><\/tr><tr><td><\/td><td><\/td><td><\/td><td><\/td><\/tr><tr><td><\/td><td><\/td><td><\/td><td><\/td><\/tr><tr><td><\/td><td><\/td><td><\/td><td><\/td><\/tr><\/tbody><\/table><\/figure>\n","protected":false},"excerpt":{"rendered":"<p>Nom Pr\u00e9nom Nombre d&rsquo;inscrits Dur\u00e9e du s\u00e9jour MARIN G\u00e9rard 1 du 12 au 16 mai MARIN Dominique 2 du 12 au 16 mai RAYMOND Yannick 3 du 12 au 16 mai RECEVEUR Patrice 4 du 12 au 16 mai LENORMAND Ren\u00e9 5 du 12 au 16 mai BREYSSE Florent 6 du 12 au 16 mai DUBOIS G\u00e9rard 7 du 12 au 16 mai MATHIEU Jean-Louis 8 du 12 au 16 mai MONNIER Bruno 9 du 12 au 16 mai FERAUD Eddie 10 du 12 au 16 mai DEBRU Bernard 11 du 12 au 16 mai BANDINI Bruno 12 du 12 au 16 mai GUIBERT Jo\u00eblle 13 du 12 au 16 mai PERNET Franck 14 du 12 au 16 mai LAVILLE Alain 15 du 12 au 16 mai THOMAS PATRICK 16 du 12 au 16 mai GIRAUD ALAIN 17 du 12 au 16 mai SALEM OUICHAOUI 18 du 12 au 16 mai FRANCOIS BOIDIN 19 du 12 au 16 mai ANDRE LANTHELME 20 du 12 au 16 mai CHRISTIAN BILLON 21 du 12 au 16 mai Jean CHRISTOPHE CHARAVET 22 du 12 au 16 mai BEATRICE GERMAIN 23 du 12 au 16 mai THIERRY BOUCHEZ 24 du 12 au 16 mai MARTINE MONTET 25 du 12 au 16 mai JACQUES MONTET 26 du 12 au 16 mai PAUL BUQUET 27 du 12 au 16 mai YVES BARNAUD 28 du 12 au 16 mai DIDIER KOSTUCH 29 du 12 au 16 mai JEAN MARC BOURGUER 30 du 12 au 16 mai JEAN PAUL LECROART 31 du 12 au 16 mai BERNARD CONEDERA 32 du 12 au 16 mai FREDERIC HOSATTE 33 du 12 au 16 mai COLETTE PENEZ 34 du 12 au 16 mai PATRICK PENEZ 35 du 12 au 16 mai FRANCK ODDON 36 du 12 au 16 mai DANIEL LAFOND 37 du 12 au 16 mai<\/p>\n","protected":false},"author":24,"featured_media":0,"parent":0,"menu_order":0,"comment_status":"closed","ping_status":"closed","template":"","meta":{"_bbp_topic_count":0,"_bbp_reply_count":0,"_bbp_total_topic_count":0,"_bbp_total_reply_count":0,"_bbp_voice_count":0,"_bbp_anonymous_reply_count":0,"_bbp_topic_count_hidden":0,"_bbp_reply_count_hidden":0,"_bbp_forum_subforum_count":0,"footnotes":""},"class_list":["post-3812","page","type-page","status-publish","hentry"],"_links":{"self":[{"href":"https:\/\/cyclocluborangeois.fr\/index.php\/wp-json\/wp\/v2\/pages\/3812","targetHints":{"allow":["GET"]}}],"collection":[{"href":"https:\/\/cyclocluborangeois.fr\/index.php\/wp-json\/wp\/v2\/pages"}],"about":[{"href":"https:\/\/cyclocluborangeois.fr\/index.php\/wp-json\/wp\/v2\/types\/page"}],"author":[{"embeddable":true,"href":"https:\/\/cyclocluborangeois.fr\/index.php\/wp-json\/wp\/v2\/users\/24"}],"replies":[{"embeddable":true,"href":"https:\/\/cyclocluborangeois.fr\/index.php\/wp-json\/wp\/v2\/comments?post=3812"}],"version-history":[{"count":29,"href":"https:\/\/cyclocluborangeois.fr\/index.php\/wp-json\/wp\/v2\/pages\/3812\/revisions"}],"predecessor-version":[{"id":3938,"href":"https:\/\/cyclocluborangeois.fr\/index.php\/wp-json\/wp\/v2\/pages\/3812\/revisions\/3938"}],"wp:attachment":[{"href":"https:\/\/cyclocluborangeois.fr\/index.php\/wp-json\/wp\/v2\/media?parent=3812"}],"curies":[{"name":"wp","href":"https:\/\/api.w.org\/{rel}","templated":true}]}}