{"id":1794,"date":"2023-11-28T13:42:59","date_gmt":"2023-11-28T12:42:59","guid":{"rendered":"http:\/\/cyclocluborangeois.fr\/?page_id=1794"},"modified":"2025-11-17T13:24:35","modified_gmt":"2025-11-17T12:24:35","slug":"aceyron-cap-vert-2024","status":"publish","type":"page","link":"https:\/\/cyclocluborangeois.fr\/index.php\/aceyron-cap-vert-2024\/","title":{"rendered":"AVEYRON 2024"},"content":{"rendered":"\n<figure class=\"wp-block-image size-full\"><img loading=\"lazy\" decoding=\"async\" width=\"1022\" height=\"106\" src=\"http:\/\/cyclocluborangeois.fr\/wp-content\/uploads\/2023\/11\/image.png\" alt=\"\" class=\"wp-image-1797\" srcset=\"https:\/\/cyclocluborangeois.fr\/wp-content\/uploads\/2023\/11\/image.png 1022w, https:\/\/cyclocluborangeois.fr\/wp-content\/uploads\/2023\/11\/image-300x31.png 300w, https:\/\/cyclocluborangeois.fr\/wp-content\/uploads\/2023\/11\/image-768x80.png 768w\" sizes=\"auto, (max-width: 1022px) 100vw, 1022px\" \/><\/figure>\n\n\n\n<p><a href=\"https:\/\/www.capvert-aveyron.com\/\">H\u00f4tel Cap Vert &#8211; H\u00f4tel et Restaurant \u00e0 Saint-Affrique en Aveyron (capvert-aveyron.com)<\/a><\/p>\n\n\n\n<figure class=\"wp-block-image is-resized\" id=\"block-72fd3b99-6d02-429f-9f36-a83917c3dc1b\"><img decoding=\"async\" src=\"blob:https:\/\/cyclocluborangeois.fr\/1f3a5892-9090-407e-8322-f3fcae3a9f36\" alt=\"L\u2019attribut alt de cette image est vide, son nom de fichier est 1f3a5892-9090-407e-8322-f3fcae3a9f36.\" style=\"aspect-ratio:1;width:27px;height:auto\"\/><\/figure>\n\n\n\n<figure class=\"wp-block-gallery has-nested-images columns-default is-cropped wp-block-gallery-1 is-layout-flex wp-block-gallery-is-layout-flex\">\n<figure class=\"wp-block-image size-large\"><img loading=\"lazy\" decoding=\"async\" width=\"768\" height=\"1024\" data-id=\"2254\" src=\"https:\/\/cyclocluborangeois.fr\/wp-content\/uploads\/2024\/06\/IMG_3236-768x1024.jpeg\" alt=\"\" class=\"wp-image-2254\" srcset=\"https:\/\/cyclocluborangeois.fr\/wp-content\/uploads\/2024\/06\/IMG_3236-768x1024.jpeg 768w, https:\/\/cyclocluborangeois.fr\/wp-content\/uploads\/2024\/06\/IMG_3236-225x300.jpeg 225w, https:\/\/cyclocluborangeois.fr\/wp-content\/uploads\/2024\/06\/IMG_3236-1152x1536.jpeg 1152w, https:\/\/cyclocluborangeois.fr\/wp-content\/uploads\/2024\/06\/IMG_3236-1536x2048.jpeg 1536w, https:\/\/cyclocluborangeois.fr\/wp-content\/uploads\/2024\/06\/IMG_3236-1140x1520.jpeg 1140w, https:\/\/cyclocluborangeois.fr\/wp-content\/uploads\/2024\/06\/IMG_3236-scaled.jpeg 1920w\" sizes=\"auto, (max-width: 768px) 100vw, 768px\" \/><\/figure>\n\n\n\n<figure class=\"wp-block-image size-large\"><img loading=\"lazy\" decoding=\"async\" width=\"768\" height=\"1024\" data-id=\"2258\" src=\"https:\/\/cyclocluborangeois.fr\/wp-content\/uploads\/2024\/06\/IMG_3237-768x1024.jpeg\" alt=\"\" class=\"wp-image-2258\" srcset=\"https:\/\/cyclocluborangeois.fr\/wp-content\/uploads\/2024\/06\/IMG_3237-768x1024.jpeg 768w, https:\/\/cyclocluborangeois.fr\/wp-content\/uploads\/2024\/06\/IMG_3237-225x300.jpeg 225w, https:\/\/cyclocluborangeois.fr\/wp-content\/uploads\/2024\/06\/IMG_3237-1152x1536.jpeg 1152w, https:\/\/cyclocluborangeois.fr\/wp-content\/uploads\/2024\/06\/IMG_3237-1536x2048.jpeg 1536w, https:\/\/cyclocluborangeois.fr\/wp-content\/uploads\/2024\/06\/IMG_3237-1140x1520.jpeg 1140w, https:\/\/cyclocluborangeois.fr\/wp-content\/uploads\/2024\/06\/IMG_3237-scaled.jpeg 1920w\" sizes=\"auto, (max-width: 768px) 100vw, 768px\" \/><\/figure>\n\n\n\n<figure class=\"wp-block-image size-large\"><img loading=\"lazy\" decoding=\"async\" width=\"1024\" height=\"768\" data-id=\"2259\" src=\"https:\/\/cyclocluborangeois.fr\/wp-content\/uploads\/2024\/06\/IMG_3243-1024x768.jpeg\" alt=\"\" class=\"wp-image-2259\" srcset=\"https:\/\/cyclocluborangeois.fr\/wp-content\/uploads\/2024\/06\/IMG_3243-1024x768.jpeg 1024w, https:\/\/cyclocluborangeois.fr\/wp-content\/uploads\/2024\/06\/IMG_3243-300x225.jpeg 300w, https:\/\/cyclocluborangeois.fr\/wp-content\/uploads\/2024\/06\/IMG_3243-768x576.jpeg 768w, https:\/\/cyclocluborangeois.fr\/wp-content\/uploads\/2024\/06\/IMG_3243-1536x1152.jpeg 1536w, https:\/\/cyclocluborangeois.fr\/wp-content\/uploads\/2024\/06\/IMG_3243-2048x1536.jpeg 2048w, https:\/\/cyclocluborangeois.fr\/wp-content\/uploads\/2024\/06\/IMG_3243-1140x855.jpeg 1140w\" sizes=\"auto, (max-width: 1024px) 100vw, 1024px\" \/><\/figure>\n<\/figure>\n\n\n\n<figure class=\"wp-block-gallery has-nested-images columns-default is-cropped wp-block-gallery-2 is-layout-flex wp-block-gallery-is-layout-flex\">\n<figure class=\"wp-block-image size-large\"><img loading=\"lazy\" decoding=\"async\" width=\"1024\" height=\"768\" data-id=\"2311\" src=\"https:\/\/cyclocluborangeois.fr\/wp-content\/uploads\/2024\/06\/IMG_3181-1-1024x768.jpg\" alt=\"\" class=\"wp-image-2311\" srcset=\"https:\/\/cyclocluborangeois.fr\/wp-content\/uploads\/2024\/06\/IMG_3181-1-1024x768.jpg 1024w, https:\/\/cyclocluborangeois.fr\/wp-content\/uploads\/2024\/06\/IMG_3181-1-300x225.jpg 300w, https:\/\/cyclocluborangeois.fr\/wp-content\/uploads\/2024\/06\/IMG_3181-1-768x576.jpg 768w, https:\/\/cyclocluborangeois.fr\/wp-content\/uploads\/2024\/06\/IMG_3181-1-1536x1152.jpg 1536w, https:\/\/cyclocluborangeois.fr\/wp-content\/uploads\/2024\/06\/IMG_3181-1-2048x1536.jpg 2048w, https:\/\/cyclocluborangeois.fr\/wp-content\/uploads\/2024\/06\/IMG_3181-1-1140x855.jpg 1140w\" sizes=\"auto, (max-width: 1024px) 100vw, 1024px\" \/><\/figure>\n\n\n\n<figure class=\"wp-block-image size-large\"><img loading=\"lazy\" decoding=\"async\" width=\"1024\" height=\"768\" data-id=\"2312\" src=\"https:\/\/cyclocluborangeois.fr\/wp-content\/uploads\/2024\/06\/IMG_3184-1-1024x768.jpg\" alt=\"\" class=\"wp-image-2312\" srcset=\"https:\/\/cyclocluborangeois.fr\/wp-content\/uploads\/2024\/06\/IMG_3184-1-1024x768.jpg 1024w, https:\/\/cyclocluborangeois.fr\/wp-content\/uploads\/2024\/06\/IMG_3184-1-300x225.jpg 300w, https:\/\/cyclocluborangeois.fr\/wp-content\/uploads\/2024\/06\/IMG_3184-1-768x576.jpg 768w, https:\/\/cyclocluborangeois.fr\/wp-content\/uploads\/2024\/06\/IMG_3184-1-1536x1152.jpg 1536w, https:\/\/cyclocluborangeois.fr\/wp-content\/uploads\/2024\/06\/IMG_3184-1-2048x1536.jpg 2048w, https:\/\/cyclocluborangeois.fr\/wp-content\/uploads\/2024\/06\/IMG_3184-1-1140x855.jpg 1140w\" sizes=\"auto, (max-width: 1024px) 100vw, 1024px\" \/><\/figure>\n\n\n\n<figure class=\"wp-block-image size-large\"><img loading=\"lazy\" decoding=\"async\" width=\"1024\" height=\"768\" data-id=\"2284\" src=\"https:\/\/cyclocluborangeois.fr\/wp-content\/uploads\/2024\/06\/IMG_3182-1024x768.jpg\" alt=\"\" class=\"wp-image-2284\" srcset=\"https:\/\/cyclocluborangeois.fr\/wp-content\/uploads\/2024\/06\/IMG_3182-1024x768.jpg 1024w, https:\/\/cyclocluborangeois.fr\/wp-content\/uploads\/2024\/06\/IMG_3182-300x225.jpg 300w, https:\/\/cyclocluborangeois.fr\/wp-content\/uploads\/2024\/06\/IMG_3182-768x576.jpg 768w, https:\/\/cyclocluborangeois.fr\/wp-content\/uploads\/2024\/06\/IMG_3182-1536x1152.jpg 1536w, https:\/\/cyclocluborangeois.fr\/wp-content\/uploads\/2024\/06\/IMG_3182-2048x1536.jpg 2048w, https:\/\/cyclocluborangeois.fr\/wp-content\/uploads\/2024\/06\/IMG_3182-1140x855.jpg 1140w\" sizes=\"auto, (max-width: 1024px) 100vw, 1024px\" \/><\/figure>\n\n\n\n<figure class=\"wp-block-image size-large\"><img loading=\"lazy\" decoding=\"async\" width=\"768\" height=\"1024\" data-id=\"2298\" src=\"https:\/\/cyclocluborangeois.fr\/wp-content\/uploads\/2024\/06\/IMG_3200-768x1024.jpg\" alt=\"\" class=\"wp-image-2298\" srcset=\"https:\/\/cyclocluborangeois.fr\/wp-content\/uploads\/2024\/06\/IMG_3200-768x1024.jpg 768w, https:\/\/cyclocluborangeois.fr\/wp-content\/uploads\/2024\/06\/IMG_3200-225x300.jpg 225w, https:\/\/cyclocluborangeois.fr\/wp-content\/uploads\/2024\/06\/IMG_3200-1152x1536.jpg 1152w, https:\/\/cyclocluborangeois.fr\/wp-content\/uploads\/2024\/06\/IMG_3200-1536x2048.jpg 1536w, https:\/\/cyclocluborangeois.fr\/wp-content\/uploads\/2024\/06\/IMG_3200-1140x1520.jpg 1140w, https:\/\/cyclocluborangeois.fr\/wp-content\/uploads\/2024\/06\/IMG_3200-scaled.jpg 1920w\" sizes=\"auto, (max-width: 768px) 100vw, 768px\" \/><\/figure>\n\n\n\n<figure class=\"wp-block-image size-large\"><img loading=\"lazy\" decoding=\"async\" width=\"768\" height=\"1024\" data-id=\"2298\" src=\"https:\/\/cyclocluborangeois.fr\/wp-content\/uploads\/2024\/06\/IMG_3200-768x1024.jpg\" alt=\"\" class=\"wp-image-2298\" srcset=\"https:\/\/cyclocluborangeois.fr\/wp-content\/uploads\/2024\/06\/IMG_3200-768x1024.jpg 768w, https:\/\/cyclocluborangeois.fr\/wp-content\/uploads\/2024\/06\/IMG_3200-225x300.jpg 225w, https:\/\/cyclocluborangeois.fr\/wp-content\/uploads\/2024\/06\/IMG_3200-1152x1536.jpg 1152w, https:\/\/cyclocluborangeois.fr\/wp-content\/uploads\/2024\/06\/IMG_3200-1536x2048.jpg 1536w, https:\/\/cyclocluborangeois.fr\/wp-content\/uploads\/2024\/06\/IMG_3200-1140x1520.jpg 1140w, https:\/\/cyclocluborangeois.fr\/wp-content\/uploads\/2024\/06\/IMG_3200-scaled.jpg 1920w\" sizes=\"auto, (max-width: 768px) 100vw, 768px\" \/><\/figure>\n\n\n\n<figure class=\"wp-block-image size-large\"><img loading=\"lazy\" decoding=\"async\" width=\"1024\" height=\"768\" data-id=\"2305\" src=\"https:\/\/cyclocluborangeois.fr\/wp-content\/uploads\/2024\/06\/IMG_3202-1024x768.jpg\" alt=\"\" class=\"wp-image-2305\" srcset=\"https:\/\/cyclocluborangeois.fr\/wp-content\/uploads\/2024\/06\/IMG_3202-1024x768.jpg 1024w, https:\/\/cyclocluborangeois.fr\/wp-content\/uploads\/2024\/06\/IMG_3202-300x225.jpg 300w, https:\/\/cyclocluborangeois.fr\/wp-content\/uploads\/2024\/06\/IMG_3202-768x576.jpg 768w, https:\/\/cyclocluborangeois.fr\/wp-content\/uploads\/2024\/06\/IMG_3202-1536x1152.jpg 1536w, https:\/\/cyclocluborangeois.fr\/wp-content\/uploads\/2024\/06\/IMG_3202-2048x1536.jpg 2048w, https:\/\/cyclocluborangeois.fr\/wp-content\/uploads\/2024\/06\/IMG_3202-1140x855.jpg 1140w\" sizes=\"auto, (max-width: 1024px) 100vw, 1024px\" \/><\/figure>\n\n\n\n<figure class=\"wp-block-image size-large\"><img loading=\"lazy\" decoding=\"async\" width=\"768\" height=\"1024\" data-id=\"2283\" src=\"https:\/\/cyclocluborangeois.fr\/wp-content\/uploads\/2024\/06\/IMG_3209-768x1024.jpg\" alt=\"\" class=\"wp-image-2283\" srcset=\"https:\/\/cyclocluborangeois.fr\/wp-content\/uploads\/2024\/06\/IMG_3209-768x1024.jpg 768w, https:\/\/cyclocluborangeois.fr\/wp-content\/uploads\/2024\/06\/IMG_3209-225x300.jpg 225w, https:\/\/cyclocluborangeois.fr\/wp-content\/uploads\/2024\/06\/IMG_3209-1152x1536.jpg 1152w, https:\/\/cyclocluborangeois.fr\/wp-content\/uploads\/2024\/06\/IMG_3209-1536x2048.jpg 1536w, https:\/\/cyclocluborangeois.fr\/wp-content\/uploads\/2024\/06\/IMG_3209-1140x1520.jpg 1140w, https:\/\/cyclocluborangeois.fr\/wp-content\/uploads\/2024\/06\/IMG_3209-scaled.jpg 1920w\" sizes=\"auto, (max-width: 768px) 100vw, 768px\" \/><\/figure>\n\n\n\n<figure class=\"wp-block-image size-large\"><img loading=\"lazy\" decoding=\"async\" width=\"768\" height=\"1024\" data-id=\"2310\" src=\"https:\/\/cyclocluborangeois.fr\/wp-content\/uploads\/2024\/06\/IMG_3222-768x1024.jpg\" alt=\"\" class=\"wp-image-2310\" srcset=\"https:\/\/cyclocluborangeois.fr\/wp-content\/uploads\/2024\/06\/IMG_3222-768x1024.jpg 768w, https:\/\/cyclocluborangeois.fr\/wp-content\/uploads\/2024\/06\/IMG_3222-225x300.jpg 225w, https:\/\/cyclocluborangeois.fr\/wp-content\/uploads\/2024\/06\/IMG_3222-1152x1536.jpg 1152w, https:\/\/cyclocluborangeois.fr\/wp-content\/uploads\/2024\/06\/IMG_3222-1536x2048.jpg 1536w, https:\/\/cyclocluborangeois.fr\/wp-content\/uploads\/2024\/06\/IMG_3222-1140x1520.jpg 1140w, https:\/\/cyclocluborangeois.fr\/wp-content\/uploads\/2024\/06\/IMG_3222-scaled.jpg 1920w\" sizes=\"auto, (max-width: 768px) 100vw, 768px\" \/><\/figure>\n\n\n\n<figure class=\"wp-block-image size-large\"><img loading=\"lazy\" decoding=\"async\" width=\"1024\" height=\"768\" data-id=\"2307\" src=\"https:\/\/cyclocluborangeois.fr\/wp-content\/uploads\/2024\/06\/IMG_3227-1024x768.jpg\" alt=\"\" class=\"wp-image-2307\" srcset=\"https:\/\/cyclocluborangeois.fr\/wp-content\/uploads\/2024\/06\/IMG_3227-1024x768.jpg 1024w, https:\/\/cyclocluborangeois.fr\/wp-content\/uploads\/2024\/06\/IMG_3227-300x225.jpg 300w, https:\/\/cyclocluborangeois.fr\/wp-content\/uploads\/2024\/06\/IMG_3227-768x576.jpg 768w, https:\/\/cyclocluborangeois.fr\/wp-content\/uploads\/2024\/06\/IMG_3227-1536x1152.jpg 1536w, https:\/\/cyclocluborangeois.fr\/wp-content\/uploads\/2024\/06\/IMG_3227-2048x1536.jpg 2048w, https:\/\/cyclocluborangeois.fr\/wp-content\/uploads\/2024\/06\/IMG_3227-1140x855.jpg 1140w\" sizes=\"auto, (max-width: 1024px) 100vw, 1024px\" \/><\/figure>\n\n\n\n<figure class=\"wp-block-image size-large\"><img loading=\"lazy\" decoding=\"async\" width=\"1024\" height=\"768\" data-id=\"2282\" src=\"https:\/\/cyclocluborangeois.fr\/wp-content\/uploads\/2024\/06\/IMG_3240-1024x768.jpg\" alt=\"\" class=\"wp-image-2282\" srcset=\"https:\/\/cyclocluborangeois.fr\/wp-content\/uploads\/2024\/06\/IMG_3240-1024x768.jpg 1024w, https:\/\/cyclocluborangeois.fr\/wp-content\/uploads\/2024\/06\/IMG_3240-300x225.jpg 300w, https:\/\/cyclocluborangeois.fr\/wp-content\/uploads\/2024\/06\/IMG_3240-768x576.jpg 768w, https:\/\/cyclocluborangeois.fr\/wp-content\/uploads\/2024\/06\/IMG_3240-1536x1152.jpg 1536w, https:\/\/cyclocluborangeois.fr\/wp-content\/uploads\/2024\/06\/IMG_3240-2048x1536.jpg 2048w, https:\/\/cyclocluborangeois.fr\/wp-content\/uploads\/2024\/06\/IMG_3240-1140x855.jpg 1140w\" sizes=\"auto, (max-width: 1024px) 100vw, 1024px\" \/><\/figure>\n\n\n\n<figure class=\"wp-block-image size-large\"><img loading=\"lazy\" decoding=\"async\" width=\"1024\" height=\"768\" data-id=\"2297\" src=\"https:\/\/cyclocluborangeois.fr\/wp-content\/uploads\/2024\/06\/IMG_3250-1024x768.jpg\" alt=\"\" class=\"wp-image-2297\" srcset=\"https:\/\/cyclocluborangeois.fr\/wp-content\/uploads\/2024\/06\/IMG_3250-1024x768.jpg 1024w, https:\/\/cyclocluborangeois.fr\/wp-content\/uploads\/2024\/06\/IMG_3250-300x225.jpg 300w, https:\/\/cyclocluborangeois.fr\/wp-content\/uploads\/2024\/06\/IMG_3250-768x576.jpg 768w, https:\/\/cyclocluborangeois.fr\/wp-content\/uploads\/2024\/06\/IMG_3250-1536x1152.jpg 1536w, https:\/\/cyclocluborangeois.fr\/wp-content\/uploads\/2024\/06\/IMG_3250-2048x1536.jpg 2048w, https:\/\/cyclocluborangeois.fr\/wp-content\/uploads\/2024\/06\/IMG_3250-1140x855.jpg 1140w\" sizes=\"auto, (max-width: 1024px) 100vw, 1024px\" \/><\/figure>\n<\/figure>\n\n\n\n<div class=\"wp-block-group\"><div class=\"wp-block-group__inner-container is-layout-constrained wp-block-group-is-layout-constrained\">\n<div class=\"wp-block-columns is-layout-flex wp-container-core-columns-is-layout-9d6595d7 wp-block-columns-is-layout-flex\">\n<div class=\"wp-block-column is-layout-flow wp-block-column-is-layout-flow\" style=\"flex-basis:100%\">\n<figure class=\"wp-block-gallery has-nested-images columns-default is-cropped wp-block-gallery-3 is-layout-flex wp-block-gallery-is-layout-flex\">\n<figure class=\"wp-block-image size-large\"><img loading=\"lazy\" decoding=\"async\" width=\"920\" height=\"422\" data-id=\"1809\" src=\"http:\/\/cyclocluborangeois.fr\/wp-content\/uploads\/2023\/11\/Captureroute-1.png\" alt=\"\" class=\"wp-image-1809\" srcset=\"https:\/\/cyclocluborangeois.fr\/wp-content\/uploads\/2023\/11\/Captureroute-1.png 920w, https:\/\/cyclocluborangeois.fr\/wp-content\/uploads\/2023\/11\/Captureroute-1-300x138.png 300w, https:\/\/cyclocluborangeois.fr\/wp-content\/uploads\/2023\/11\/Captureroute-1-768x352.png 768w\" sizes=\"auto, (max-width: 920px) 100vw, 920px\" \/><\/figure>\n<\/figure>\n<\/div>\n<\/div>\n<\/div><\/div>\n\n\n\n<figure class=\"wp-block-image size-large\"><img loading=\"lazy\" decoding=\"async\" width=\"1024\" height=\"837\" src=\"http:\/\/cyclocluborangeois.fr\/wp-content\/uploads\/2023\/11\/Capturech-1-1024x837.png\" alt=\"\" class=\"wp-image-1808\" srcset=\"https:\/\/cyclocluborangeois.fr\/wp-content\/uploads\/2023\/11\/Capturech-1-1024x837.png 1024w, https:\/\/cyclocluborangeois.fr\/wp-content\/uploads\/2023\/11\/Capturech-1-300x245.png 300w, https:\/\/cyclocluborangeois.fr\/wp-content\/uploads\/2023\/11\/Capturech-1-768x627.png 768w, https:\/\/cyclocluborangeois.fr\/wp-content\/uploads\/2023\/11\/Capturech-1.png 1065w\" sizes=\"auto, (max-width: 1024px) 100vw, 1024px\" \/><\/figure>\n\n\n\n<figure class=\"wp-block-image size-large\"><img loading=\"lazy\" decoding=\"async\" width=\"1024\" height=\"590\" src=\"http:\/\/cyclocluborangeois.fr\/wp-content\/uploads\/2023\/11\/Capture1-1024x590.png\" alt=\"\" class=\"wp-image-1810\" srcset=\"https:\/\/cyclocluborangeois.fr\/wp-content\/uploads\/2023\/11\/Capture1-1024x590.png 1024w, https:\/\/cyclocluborangeois.fr\/wp-content\/uploads\/2023\/11\/Capture1-300x173.png 300w, https:\/\/cyclocluborangeois.fr\/wp-content\/uploads\/2023\/11\/Capture1-768x443.png 768w, https:\/\/cyclocluborangeois.fr\/wp-content\/uploads\/2023\/11\/Capture1-1536x885.png 1536w, https:\/\/cyclocluborangeois.fr\/wp-content\/uploads\/2023\/11\/Capture1-1140x657.png 1140w, https:\/\/cyclocluborangeois.fr\/wp-content\/uploads\/2023\/11\/Capture1.png 1633w\" sizes=\"auto, (max-width: 1024px) 100vw, 1024px\" \/><\/figure>\n\n\n\n<figure class=\"wp-block-image size-large\"><img loading=\"lazy\" decoding=\"async\" width=\"1024\" height=\"365\" src=\"http:\/\/cyclocluborangeois.fr\/wp-content\/uploads\/2023\/11\/visites-1024x365.png\" alt=\"\" class=\"wp-image-1812\" srcset=\"https:\/\/cyclocluborangeois.fr\/wp-content\/uploads\/2023\/11\/visites-1024x365.png 1024w, https:\/\/cyclocluborangeois.fr\/wp-content\/uploads\/2023\/11\/visites-300x107.png 300w, https:\/\/cyclocluborangeois.fr\/wp-content\/uploads\/2023\/11\/visites-768x274.png 768w, https:\/\/cyclocluborangeois.fr\/wp-content\/uploads\/2023\/11\/visites-1536x547.png 1536w, https:\/\/cyclocluborangeois.fr\/wp-content\/uploads\/2023\/11\/visites-1140x406.png 1140w, https:\/\/cyclocluborangeois.fr\/wp-content\/uploads\/2023\/11\/visites.png 1858w\" sizes=\"auto, (max-width: 1024px) 100vw, 1024px\" \/><\/figure>\n\n\n\n<h2 class=\"wp-block-heading\">Liste des participants :<\/h2>\n\n\n\n<p><\/p>\n\n\n\n<figure class=\"wp-block-table\"><table><tbody><tr><td><strong>NOM<\/strong><\/td><td><strong>PRENOM<\/strong><\/td><td><strong>Date d&rsquo;arriv\u00e9e<\/strong> :<\/td><td><strong>Date de d\u00e9part<\/strong> :<\/td><td><\/td><\/tr><tr><td>RAYMOND<\/td><td>Yannick<\/td><td>24\/05<\/td><td>28\/05<\/td><td>1<\/td><\/tr><tr><td>LORETTE<\/td><td>Marie<\/td><td>24\/05<\/td><td>28\/05<\/td><td>2<\/td><\/tr><tr><td>LORETTE<\/td><td>Christophe<\/td><td>24\/05<\/td><td>28\/05<\/td><td>3<\/td><\/tr><tr><td>MARIN<\/td><td>G\u00e9rard<\/td><td>24\/05<\/td><td>28\/05<\/td><td>4<\/td><\/tr><tr><td>MARIN<\/td><td>Dominique<\/td><td>24\/05<\/td><td>28\/05<\/td><td>5<\/td><\/tr><tr><td>THOMAS<\/td><td>Patrick<\/td><td>24\/05<\/td><td>28\/05<\/td><td>6<\/td><\/tr><tr><td>THOMAS<\/td><td>Patricia<\/td><td>24\/05<\/td><td>28\/05<\/td><td>7<\/td><\/tr><tr><td>CHARAVET<\/td><td>Jean-Christophe<\/td><td>24\/05<\/td><td>28\/05<\/td><td>8<\/td><\/tr><tr><td>DUBOIS<\/td><td>G\u00e9rard<\/td><td>24\/05<\/td><td>28\/05<\/td><td>9<\/td><\/tr><tr><td>GIRAUD<\/td><td>Alain<\/td><td>24\/05<\/td><td>28\/05<\/td><td>10<\/td><\/tr><tr><td>BILLON<\/td><td>Christian<\/td><td>24\/05<\/td><td>28\/05<\/td><td>11<\/td><\/tr><tr><td>LANTHELME<\/td><td>Andr\u00e9<\/td><td>24\/05<\/td><td>28\/05<\/td><td>12<\/td><\/tr><tr><td>MANDINI<\/td><td>Bruno<\/td><td>24\/05<\/td><td>28\/05<\/td><td>13<\/td><\/tr><tr><td>DELANNES<\/td><td>J\u00e9r\u00f4me<\/td><td>24\/05<\/td><td>28\/05<\/td><td>14<\/td><\/tr><tr><td>FERAUD<\/td><td>Eddie<\/td><td>24\/05<\/td><td>28\/05<\/td><td>15<\/td><\/tr><tr><td>LAVILLE<\/td><td>Alain<\/td><td>24\/05<\/td><td>28\/05<\/td><td>16<\/td><\/tr><tr><td>OUICHAOUI<\/td><td>Salem<\/td><td>24\/05<\/td><td>28\/05<\/td><td>17<\/td><\/tr><tr><td>MATHIEU<\/td><td>Jean-Louis<\/td><td>24\/05<\/td><td>28\/05<\/td><td>18<\/td><\/tr><tr><td>DEBRU<\/td><td>Bernard<\/td><td>24\/05<\/td><td>28\/05<\/td><td>19<\/td><\/tr><tr><td>MONTET<\/td><td>Jacques<\/td><td>24\/05<\/td><td>28\/05<\/td><td>20<\/td><\/tr><tr><td>MONTET<\/td><td>Martine<\/td><td>24\/05<\/td><td>28\/05<\/td><td>21<\/td><\/tr><tr><td>THEVOT<\/td><td>Jean-Claude<\/td><td>24\/05<\/td><td>24\/05<\/td><td>22<\/td><\/tr><tr><td>LENORMAND<\/td><td>Ren\u00e9<\/td><td>24\/05<\/td><td>28\/05<\/td><td>23<\/td><\/tr><tr><td>PERNET<\/td><td>Franck<\/td><td>24\/05<\/td><td>28\/05<\/td><td>24<\/td><\/tr><tr><td>GUILBERT<\/td><td>Jo\u00eblle<\/td><td>24\/05<\/td><td>28\/05<\/td><td>25<\/td><\/tr><tr><td>BOIDIN<\/td><td>Fran\u00e7ois<\/td><td>24\/05<\/td><td>28\/05<\/td><td>26<\/td><\/tr><tr><td>DARDUN<\/td><td>Jacques<\/td><td>24\/05<\/td><td>28\/05<\/td><td>27<\/td><\/tr><tr><td>TAPIADOR<\/td><td>Teodoro<\/td><td>24\/05<\/td><td>28\/05<\/td><td>28<\/td><\/tr><tr><td>OGER<\/td><td>Dominique<\/td><td>24\/05<\/td><td><strong>26\/05<\/strong><\/td><td>29<\/td><\/tr><tr><td>GERMAIN<\/td><td>B\u00e9atrice<\/td><td>24\/05<\/td><td>28\/05<\/td><td>30<\/td><\/tr><tr><td>GERTHOUX<\/td><td>Jean-Pierre<\/td><td>24\/05<\/td><td>28\/05<\/td><td>31<\/td><\/tr><tr><td>BREYSSE<\/td><td>Florent<\/td><td>24\/05<\/td><td>28\/05<\/td><td>32<\/td><\/tr><tr><td><\/td><td><\/td><td><\/td><td><\/td><td><\/td><\/tr><tr><td><\/td><td><\/td><td><\/td><td><\/td><td><\/td><\/tr><tr><td><\/td><td><\/td><td><\/td><td><\/td><td><\/td><\/tr><tr><td><\/td><td><\/td><td><\/td><td><\/td><td><\/td><\/tr><tr><td><\/td><td><\/td><td><\/td><td><\/td><td><\/td><\/tr><tr><td><\/td><td><\/td><td><\/td><td><\/td><td><\/td><\/tr><tr><td><\/td><td><\/td><td><\/td><td><\/td><td><\/td><\/tr><tr><td><\/td><td><\/td><td><\/td><td><\/td><td><\/td><\/tr><tr><td><\/td><td><\/td><td><\/td><td><\/td><td><\/td><\/tr><tr><td><\/td><td><\/td><td><\/td><td><\/td><td><\/td><\/tr><tr><td><\/td><td><\/td><td><\/td><td><\/td><td><\/td><\/tr><tr><td><\/td><td><\/td><td><\/td><td><\/td><td><\/td><\/tr><tr><td><\/td><td><\/td><td><\/td><td><\/td><td><\/td><\/tr><tr><td><\/td><td><\/td><td><\/td><td><\/td><td><\/td><\/tr><tr><td><\/td><td><\/td><td><\/td><td><\/td><td><\/td><\/tr><tr><td><\/td><td><\/td><td><\/td><td><\/td><td><\/td><\/tr><tr><td><\/td><td><\/td><td><\/td><td><\/td><td><\/td><\/tr><\/tbody><\/table><\/figure>\n","protected":false},"excerpt":{"rendered":"<p>H\u00f4tel Cap Vert &#8211; H\u00f4tel et Restaurant \u00e0 Saint-Affrique en Aveyron (capvert-aveyron.com) Liste des participants : NOM PRENOM Date d&rsquo;arriv\u00e9e : Date de d\u00e9part : RAYMOND Yannick 24\/05 28\/05 1 LORETTE Marie 24\/05 28\/05 2 LORETTE Christophe 24\/05 28\/05 3 MARIN G\u00e9rard 24\/05 28\/05 4 MARIN Dominique 24\/05 28\/05 5 THOMAS Patrick 24\/05 28\/05 6 THOMAS Patricia 24\/05 28\/05 7 CHARAVET Jean-Christophe 24\/05 28\/05 8 DUBOIS G\u00e9rard 24\/05 28\/05 9 GIRAUD Alain 24\/05 28\/05 10 BILLON Christian 24\/05 28\/05 11 LANTHELME Andr\u00e9 24\/05 28\/05 12 MANDINI Bruno 24\/05 28\/05 13 DELANNES J\u00e9r\u00f4me 24\/05 28\/05 14 FERAUD Eddie 24\/05 28\/05 15 LAVILLE Alain 24\/05 28\/05 16 OUICHAOUI Salem 24\/05 28\/05 17 MATHIEU Jean-Louis 24\/05 28\/05 18 DEBRU Bernard 24\/05 28\/05 19 MONTET Jacques 24\/05 28\/05 20 MONTET Martine 24\/05 28\/05 21 THEVOT Jean-Claude 24\/05 24\/05 22 LENORMAND Ren\u00e9 24\/05 28\/05 23 PERNET Franck 24\/05 28\/05 24 GUILBERT Jo\u00eblle 24\/05 28\/05 25 BOIDIN Fran\u00e7ois 24\/05 28\/05 26 DARDUN Jacques 24\/05 28\/05 27 TAPIADOR Teodoro 24\/05 28\/05 28 OGER Dominique 24\/05 26\/05 29 GERMAIN B\u00e9atrice 24\/05 28\/05 30 GERTHOUX Jean-Pierre 24\/05 28\/05 31 BREYSSE Florent 24\/05 28\/05 32<\/p>\n","protected":false},"author":1,"featured_media":0,"parent":0,"menu_order":0,"comment_status":"closed","ping_status":"closed","template":"","meta":{"_bbp_topic_count":0,"_bbp_reply_count":0,"_bbp_total_topic_count":0,"_bbp_total_reply_count":0,"_bbp_voice_count":0,"_bbp_anonymous_reply_count":0,"_bbp_topic_count_hidden":0,"_bbp_reply_count_hidden":0,"_bbp_forum_subforum_count":0,"footnotes":""},"class_list":["post-1794","page","type-page","status-publish","hentry"],"_links":{"self":[{"href":"https:\/\/cyclocluborangeois.fr\/index.php\/wp-json\/wp\/v2\/pages\/1794","targetHints":{"allow":["GET"]}}],"collection":[{"href":"https:\/\/cyclocluborangeois.fr\/index.php\/wp-json\/wp\/v2\/pages"}],"about":[{"href":"https:\/\/cyclocluborangeois.fr\/index.php\/wp-json\/wp\/v2\/types\/page"}],"author":[{"embeddable":true,"href":"https:\/\/cyclocluborangeois.fr\/index.php\/wp-json\/wp\/v2\/users\/1"}],"replies":[{"embeddable":true,"href":"https:\/\/cyclocluborangeois.fr\/index.php\/wp-json\/wp\/v2\/comments?post=1794"}],"version-history":[{"count":26,"href":"https:\/\/cyclocluborangeois.fr\/index.php\/wp-json\/wp\/v2\/pages\/1794\/revisions"}],"predecessor-version":[{"id":3819,"href":"https:\/\/cyclocluborangeois.fr\/index.php\/wp-json\/wp\/v2\/pages\/1794\/revisions\/3819"}],"wp:attachment":[{"href":"https:\/\/cyclocluborangeois.fr\/index.php\/wp-json\/wp\/v2\/media?parent=1794"}],"curies":[{"name":"wp","href":"https:\/\/api.w.org\/{rel}","templated":true}]}}